
4
What is the units digit of 6078013?
3
What is the thousands digit of 1114889?
4
What is the thousands digit of 692021?
2
What is the hundred thousands digit of 325474?
3
What is the units digit of 151362?
2
What is the ten thousands digit of 286166?
8
What is the hundreds digit of 1465643?
6
What is the ten thousands digit of 230739?
3
What is the thousands digit of 1124071?
4
What is the hundreds digit of 4030550?
5
What is the ten thousands digit of 272509?
7
What is the hundreds digit of 17507?
5
What is the units digit of 44429394?
4
What is the hundreds digit of 599372?
3
What is the tens digit of 2259309?
0
What is the millions digit of 25584386?
5
What is the hundreds digit of 1236785?
7
What is the thousands digit of 2062734?
2
What is the hundreds digit of 1264327?
3
What is the ten thousands digit of 103407?
0
What is the thousands digit of 18548485?
8
What is the units digit of 601370?
0
What is the ten thousands digit of 20765324?
6
What is the hundred thousands digit of 196905?
1
What is the ten thousands digit of 15797383?
9
What is the millions digit of 3285188?
3
What is the units digit of 6449040?
0
What is the ten thousands digit of 471709?
7
What is the thousands digit of 11153120?
3
What is the ten thousands digit of 9240236?
4
What is the hundreds digit of 224764?
7
What is the hundreds digit of 4693652?
6
What is the hundreds digit of 337368?
3
What is the hundreds digit of 509871?
8
What is the units digit of 504594?
4
What is the tens digit of 23830203?
0
What is the hundreds digit of 5587999?
9
What is the units digit of 695363?
3
What is the units digit of 734428?
8
What is the hundred thousands digit of 136826?
1
What is the hundreds digit of 118872?
8
What is the tens digit of 667179?
7
What is the hundred thousands digit of 3583518?
5
What is the millions digit of 1233106?
1
What is the hundred thousands digit of 605313?
6
What is the thousands digit of 45866?
5
What is the ten millions digit of 16103701?
1
What is the tens digit of 488251?
5
What is the ten thousands digit of 1916603?
1
What is the tens digit of 1305268?
6
What is the ten thousands digit of 390319?
9
What is the hundreds digit of 17651?
6
What is the ten thousands digit of 70809?
7
What is the hundred thousands digit of 10368608?
3
What is the tens digit of 4335434?
3
What is the ten millions digit of 27004672?
2
What is the tens digit of 11287019?
1
What is the thousands digit of 84605?
4
What is the tens digit of 4561298?
9
What is the thousands digit of 383567?
3
What is the thousands digit of 395984?
5
What is the tens digit of 1826192?
9
What is the tens digit of 4177992?
9
What is the tens digit of 32041455?
5
What is the thousands digit of 24745475?
5
What is the millions digit of 1456356?
1
What is the millions digit of 4093977?
4
What is the units digit of 189640?
0
What is the hundred thousands digit of 14446806?
4
What is the units digit of 108582?
2
What is the tens digit of 64375?
7
What is the ten thousands digit of 678729?
7
What is the millions digit of 11552640?
1
What is the hundred thousands digit of 470052?
4
What is the units digit of 6151533?
3
What is the units digit of 3072079?
9
What is the hundreds digit of 3464434?
4
What is the ten thousands digit of 24988?
2
What is the tens digit of 1224594?
9
What is the units digit of 1543056?
6
What is the thousands digit of 245242?
5
What is the ten thousands digit of 1583969?
8
What is the hundred thousands digit of 499874?
4
What is the hundreds digit of 96027?
0
What is the hundred thousands digit of 285745?
2
What is the thousands digit of 320221?
0
What is the units digit of 2815439?
9
What is the ten thousands digit of 43756?
4
What is the millions digit of 4635413?
4
What is the ten thousands digit of 77640?
7
What is the ten thousands digit of 31203673?
0
What is the tens digit of 960340?
4
What is the tens digit of 104981?
8
What is the ten thousands digit of 2438412?
3
What is the units digit of 7160390?
0
What is the tens digit of 9071457?
5
What is the tens digit of 24062214?
1
What is the millions digit of 1462724?
1
What is the thousands digit of 642249?
2
What is the millions digit of 7768448?
7
What is the thousands digit of 5895660?
5
What is the hundreds digit of 4180971?
9
What is the ten thousands digit of 875196?
7
What is the hundred thousands digit of 539416?
5
What is the hundred thousands digit of 889231?
8
What is the ten thousands digit of 4047280?
4
What is the ten thousands digit of 380984?
8
What is the hundreds digit of 496240?
2
What is the thousands digit of 2030367?
0
What is the tens digit of 79283?
8
What is the tens digit of 235098?
9
What is the tens digit of 47348?
4
What is the hundreds digit of 2758028?
0
What is the units digit of 427900?
0
What is the tens digit of 1429027?
2
What is the units digit of 8546401?
1
What is the units digit of 132473?
3
What is the millions digit of 17214236?
7
What is the ten thousands digit of 713440?
1
What is the thousands digit of 398163?
8
What is the thousands digit of 557517?
7
What is the hundred thousands digit of 10446204?
4
What is the ten thousands digit of 1920890?
2
What is the hundred thousands digit of 2149613?
1
What is the hundreds digit of 1586748?
7
What is the ten thousands digit of 9147840?
4
What is the thousands digit of 967388?
7
What is the millions digit of 7176248?
7
What is the thousands digit of 1122367?
2
What is the thousands digit of 7385578?
5
What is the millions digit of 2174394?
2
What is the tens digit of 2122421?
2
What is the hundred thousands digit of 8588515?
5
What is the millions digit of 3945644?
3
What is the tens digit of 7832740?
4
What is the units digit of 29082579?
9
What is the millions digit of 1571191?
1
What is the ten thousands digit of 266317?
6
What is the thousands digit of 3314328?
4
What is the hundreds digit of 66443?
4
What is the thousands digit of 292907?
2
What is the units digit of 1303980?
0
What is the ten thousands digit of 1506537?
0
What is the millions digit of 7943758?
7
What is the hundreds digit of 33519107?
1
What is the thousands digit of 180988?
0
What is the hundred thousands digit of 173386?
1
What is the tens digit of 1986776?
7
What is the hundred thousands digit of 159608?
1
What is the units digit of 100993?
3
What is the ten thousands digit of 1230577?
3
What is the tens digit of 5301217?
1
What is the hundred thousands digit of 542926?
5
What is the hundred thousands digit of 403437?
4
What is the ten thousands digit of 1189180?
8
What is the hundred thousands digit of 1131853?
1
What is the hundreds digit of 4338066?
0
What is the ten thousands digit of 15848308?
4
What is the tens digit of 47518?
1
What is the thousands digit of 3317832?
7
What is the hundred thousands digit of 3511064?
5
What is the units digit of 301285?
5
What is the hundreds digit of 2373546?
5
What is the hundreds digit of 4446045?
0
What is the hundred thousands digit of 1667244?
6
What is the ten thousands digit of 3089128?
8
What is the ten thousands digit of 6973591?
7
What is the hundreds digit of 377817?
8
What is the units digit of 230865?
5
What is the hundreds digit of 18560820?
8
What is the thousands digit of 4609232?
9
What is the tens digit of 14348?
4
What is the hundred thousands digit of 240652?
2
What is the hundred thousands digit of 2222170?
2
What is the ten thousands digit of 1403948?
0
What is the tens digit of 191051?
5
What is the tens digit of 172706?
0
What is the hundreds digit of 5046361?
3
What is the hundred thousands digit of 1150148?
1
What is the tens digit of 926326?
2
What is the units digit of 1619716?
6
What is the tens digit of 7023053?
5
What is the units digit of 3832470?
0
What is the tens digit of 6396184?
8
What is the tens digit of 3948365?
6
What is the ten thousands digit of 257411?
5
What is the hundreds digit of 757888?
8
What is the ten thousands digit of 561427?
6
What is the millions digit of 1564736?
1
What is the hundreds digit of 1641322?
3
What is the tens digit of 1810356?
5
What is the units digit of 5965?
5
What is the ten thousands digit of 2762697?
6
What is the units digit of 2414982?
2
What is the ten thousands digit of 15838?
1
What is the hundreds digit of 4169642?
6
What is the